ate the remainder when u is divided by 17.
6
Let i(r) be the first derivative of -r**3/3 - 5*r**2 + 4. Suppose 0 = -18*w - 56456 + 57158. Calculate the remainder when w is divided by i(-7).
18
Let j = 8 - -4. Suppose -f = -7*f + j. Calculate the remainder when 39 is divided by f.
1
Suppose -4*g + 0*g + 20 = 0. Suppose -45 = -g*m - 10. Suppose -l - 3*y + 17 = 0, l - 3*y - 2*y = -m. Calculate the remainder when 29 is divided by l.
5
Suppose 1493 - 183 = 5*v - 5*t, 2*t = -3*v + 811. What is the remainder when v is divided by 58?
35
Let x be (8*(-12)/144)/((-1)/6). What is the remainder when 259 is divided by x/14 - (290/(-14) - -1)?
19
Suppose 3*t - 14 = -5. Let d = 5151 + -5151. Suppose -2*f + d*l = 2*l - 98, 0 = 4*f + t*l - 197. Calculate the remainder when f is divided by 27.
23
Let b(l) = -l**2 - 32*l - 75. Let n be b(-29). Calculate the remainder when 89 is divided by 297/n - (-21)/84.
14
Suppose -1568*t + 1562*t = -312. Calculate the remainder when t is divided by 21.
10
Suppose -252 = -3*h - 0*y + 2*y, -5*y - 71 = -h. Suppose -f + h = 2. Calculate the remainder when f is divided by (-11)/(-6)*-4*-3.
18
Suppose 62*r - 4*r - 9*r = 6468. Calculate the remainder when 15443 is divided by r.
131
Suppose 16 = p + 9. Let k(t) = 6*t**2 - 36*t - 13. What is the remainder when 112 is divided by k(p)?
25
Let s = 6058 - 3953. What is the remainder when s is divided by 177?
158
Suppose 0 = -0*o - 3*o + z + 504, -2*z + 513 = 3*o. Suppose 2 = 2*s, -s = -5*y + 50 + o. What is the remainder when 260 is divided by y?
40
Calculate the remainder when (54/(-5))/(318/(-2120)) is divided by 41.
31
Let g = -968351 + 968660. Let l(z) = 4*z**2 - 6*z - 7. Calculate the remainder when g is divided by l(5).
57
Let z(c) = c**3 + 10*c**2 + c + 14. What is the remainder when ((-6)/(-4))/(((-402)/252)/(-67)) is divided by z(-10)?
3
Suppose -4*w - 8 - 8 = 4*n, -3*w + 3*n + 12 = 0. Suppose -4*y + 2*y + 46 = w. Calculate the remainder when (-2)/(-12)*-132 - -89 is divided by y.
21
Suppose 26792 = 16*q + 21032. Calculate the remainder when q is divided by 90.
0
What is the remainder when ((19008/45)/(-22))/(1/(-30)) is divided by 120?
96
Let p(t) = 2*t**2 + 5*t - 15. Let n be 3/(15/5 + -2). What is the remainder when 47 is divided by p(n)?
11
Let r = 132763 + -132752. Calculate the remainder when (-1)/4 + (-1743)/(-28) is divided by r.
7
Suppose -d - 28 = -5*l, -4*l + 10*d = 7*d - 29. Suppose -79 = -l*y + 126. Calculate the remainder when 114 is divided by y.
32
Suppose -h - 6 = 0, 2*r - 342 = -7*h + 9*h. What is the remainder when 7916 is divided by r?
161
Let o = 4250 - 4192. What is the remainder when o is divided by 2?
0
Let j = 5 + 31. Suppose -4*d = 4*b - 64, -2*d - b + j = -3*b. Let g(h) = 12*h**2 + h. Calculate the remainder when g(2) is divided by d.
16
Suppose -3*o - f - 4*f = -58, -4*o - 4*f + 64 = 0. Let q be 2 + (-4)/((-6)/3). Suppose q*b = 53 + 71. Calculate the remainder when b is divided by o.
9
Let y(u) = -2*u**2 + 399*u - 2186. Calculate the remainder when y(159) is divided by 115.
113
Suppose 0 = 2*z - n - 8, -28 = -4*z - n - 0*n. Calculate the remainder when 152 is divided by ((-600)/(-5))/z + 8.
12
Let b(i) = -3*i**3 - 12*i**2 + 5*i - 10. Let s be b(-5). Suppose v - 6*v + 5*t + 95 = 0, -s = -2*v + 3*t. What is the remainder when v is divided by 16?
1
Let s be (-20)/40 + (-83)/(-2)*-1. Let u = 97 + s. Calculate the remainder when 43 is divided by u/(5 - 0)*2.
21
Let z be 2*(150/4 + 0). Suppose 85 = 4*h - z. What is the remainder when h is divided by -2 - (4/(-26) - 7896/728)?
4
Let m = 1434 + -1023. Suppose m*d - 148 = 407*d. What is the remainder when d is divided by 6?
1
Let l(d) = -2*d + 4. Let u be l(1). Let s be (13/(78/8))/(u/12). Suppose 188 = s*i - 116. What is the remainder when 111 is divided by i?
35
Suppose -4*a + 9*a = a + 764. Calculate the remainder when a is divided by 24.
23
Suppose 0 = 5*i - 20, -4*j - 2*i + 5346 = 1298. Calculate the remainder when j is divided by 200.
10
Let k = -195 - -337. Let p = 165 - k. Calculate the remainder when p is divided by -3 - (-9)/3 - -9.
5
Suppose -1006 = -3*d - 13*t + 15*t, 0 = t - 1. Suppose 35*j = -4*n + 38*j + d, 0 = 2*n + 5*j - 194. Calculate the remainder when n is divided by 24.
15
Suppose 4*m - 26 = -2*f, -5*f - 6 = m - 26. What is the remainder when (-12)/(-2 + 49/26) is divided by (3 + 0 + f)*3?
14
Let o(j) = -2*j + 3. Let b(p) = 545*p + 33. Calculate the remainder when b(0) is divided by o(-3).
6
Suppose -7*q = -4*q. Suppose q = s - 2*s + 33. Let m = -1 + 10. Calculate the remainder when s is divided by m.
6
Let b = -25652 - -26096. What is the remainder when 628 is divided by b?
184
Suppose 266*v = 271*v - 2675. Suppose 7*s = v + 515. Calculate the remainder when s is divided by 38.
36
Let z(c) = 6*c**2 - 80*c + 154. Calculate the remainder when 320 is divided by z(2).
14
Suppose -122*n + 84*n = -798. What is the remainder when 21 is divided by n?
0
Suppose 14*v - 13*v - 12 = 0. Let h(j) = -j**3 + 11*j**2 + 9*j - 6. Calculate the remainder when h(11) is divided by v.
9
Let s(z) = 2*z - 1. Let w(k) = -64*k - 23. Let q(x) = -6*s(x) + w(x). What is the remainder when q(-2) is divided by 17?
16
Suppose 0 = u - 2*u - 4*l + 25, -4*u - 3*l = -35. Suppose 63 = c - 2*w + 7, u*c - 245 = 3*w. What is the remainder when 366 is divided by c?
44
What is the remainder when -11*870/25*-5 is divided by 101?
96
Let t(y) = 2*y**2 + 8*y + 3. Let j be t(-4). Suppose -j*s + 6 + 102 = 0. What is the remainder when 286 is divided by s?
34
Suppose -3*j - 14*v + 5 = -10*v, -5*j + 69 = -2*v. Let f = -64 - -128. What is the remainder when f is divided by j?
9
Let b(o) = -681*o - 1773. Calculate the remainder when b(-3) is divided by 269.
1
Suppose -71*l - 856 + 4122 = 0. Calculate the remainder when 457 is divided by l.
43
Suppose 0 = 350*s - 358*s + 344. Let g = s + 46. What is the remainder when 887 is divided by g?
86
Let z = -671 + 763. Suppose 4 = 4*l - d - z, -2*d - 72 = -3*l. Calculate the remainder when 90 is divided by l.
18
Let u(b) = 2*b**3 - 7*b**2 - 11*b - 5. Let m(l) = l**3 + 5*l**2 + 2*l + 5. Let t be m(0). Calculate the remainder when 35 is divided by u(t).
5
Let r = 391 - 203. Let n = 310 - r. What is the remainder when n is divided by 56?
10
Let u(h) = h**3 + 13*h**2 + 11*h - 16. Let l be u(-12). What is the remainder when 62/((23/115)/(l/(-10))) is divided by 42?
40
Suppose j - 98*j + 19518 - 3028 = 0. What is the remainder when j is divided by 34?
0
Suppose -8*z + 48 + 216 = 0. Suppose v + 5*o - 15 = 0, -5*o + 14 - 39 = -3*v. Calculate the remainder when z is divided by v.
3
Let n(s) = 5*s + 196. Let t(b) = -67*b**3 + b**2 - 1. What is the remainder when t(-1) is divided by n(-34)?
15
Let z(m) = 20*m + 220. Let x be z(-22). Let q = 503 + x. What is the remainder when q is divided by 24?
19
Let b = -40 - -44. Suppose -23 = -b*s + 1. Let w(d) = -d + 4. Calculate the remainder when w(-4) is divided by s.
2
Suppose 214 = -4*v + 2*g + 904, -4*v - g + 693 = 0. What is the remainder when v is divided by 10?
3
Suppose w + 20 = -4*d + 16, -5*w = -3*d + 20. Suppose -9*i + 3*i + 48 = d. Calculate the remainder when 11 is divided by i.
3
Suppose -g = -31 + 23. What is the remainder when ((-12)/(-5))/(8*g/160) is divided by (-2 - 0)/2 - -4?
0
Let a(j) = 27*j**2 - 297*j - 2986. Calculate the remainder when a(-11) is divided by 1179.
11
Let w(t) = t**2 - 82*t - 967. What is the remainder when 2239 is divided by w(-11)?
55
Let z(t) = -2*t - 1. Let v be z(-2). Suppose -v*a - 4*w + 16 = w, a + w = 6. Suppose -44*s - 202 + 1698 = 0. What is the remainder when s is divided by a?
6
Suppose -59*l + 60*l + 5*j = 42, l - 170 = 3*j. What is the remainder when l is divided by (-70)/(-4)*(-24)/(-10)?
38
Suppose 71*d + 4 = 72*d, 4*y - 608 = d. What is the remainder when 154 is divided by y?
1
Let o(i) = 6*i**2 + 22*i + 50. Let u(d) = 7*d**2 + 22*d + 50. Let y(b) = 6*o(b) - 5*u(b). Calculate the remainder when 26 is divided by y(-20).
6
Suppose -132*p + 11149 + 5691 = -320. Suppose 3*l - 5*z = 5*l - 85, -3*z + 132 = 3*l. Calculate the remainder when p is divided by l.
40
Let n be 915/2 + -6 - (-1)/(-2). Suppose 1586 = 7*u - n. What is the remainder when u is divided by 21?
18
Suppose -1217*p + 1214*p = -3*u + 255, -4*u - 4*p